{"id":7743,"date":"2023-04-21T17:02:36","date_gmt":"2023-04-22T00:02:36","guid":{"rendered":"https:\/\/mayremartinez.com\/wp-content\/uploads\/2023\/04\/mayre-martinez-a-las-1202-ep-cover-art.png"},"modified":"2023-04-21T17:03:37","modified_gmt":"2023-04-22T00:03:37","slug":"mayre-martinez-a-las-1202-ep-cover-art-2","status":"inherit","type":"attachment","link":"https:\/\/mayremartinez.com\/en\/music\/mayre-martinez-a-las-1202-ep-cover-art-2\/","title":{"rendered":"mayre martinez a las 1202 ep cover art"},"author":1,"comment_status":"closed","ping_status":"closed","template":"","meta":[],"yoast_head":"<!-- This site is optimized with the Yoast SEO plugin v19.8 - https:\/\/yoast.com\/wordpress\/plugins\/seo\/ -->\n<title>mayre martinez a las 1202 ep cover art &ndash; Mayre Martinez<\/title>\n<meta name=\"robots\" content=\"index, follow, max-snippet:-1, max-image-preview:large, max-video-preview:-1\" \/>\n<link rel=\"canonical\" href=\"https:\/\/mayremartinez.com\/en\/music\/mayre-martinez-a-las-1202-ep-cover-art-2\/\" \/>\n<meta property=\"og:locale\" content=\"en_US\" \/>\n<meta property=\"og:type\" content=\"article\" \/>\n<meta property=\"og:title\" content=\"mayre martinez a las 1202 ep cover art &ndash; Mayre Martinez\" \/>\n<meta property=\"og:description\" content=\"Mayr\u00e9 Mart\u00ednez &#8211; A las 12:02 EP Album Cover Art Portada Car\u00e1tula\" \/>\n<meta property=\"og:url\" content=\"https:\/\/mayremartinez.com\/en\/music\/mayre-martinez-a-las-1202-ep-cover-art-2\/\" \/>\n<meta property=\"og:site_name\" content=\"Mayre Martinez\" \/>\n<meta property=\"article:publisher\" content=\"http:\/\/facebook.com\/mayremartinez\" \/>\n<meta property=\"article:modified_time\" content=\"2023-04-22T00:03:37+00:00\" \/>\n<meta property=\"og:image\" content=\"https:\/\/mayremartinez.com\/wp-content\/uploads\/2023\/04\/mayre-martinez-a-las-1202-ep-cover-art-1024x1024.png\" \/>\n\t<meta property=\"og:image:width\" content=\"1024\" \/>\n\t<meta property=\"og:image:height\" content=\"1024\" \/>\n\t<meta property=\"og:image:type\" content=\"image\/png\" \/>\n<meta name=\"twitter:card\" content=\"summary_large_image\" \/>\n<meta name=\"twitter:site\" content=\"@mayremartinez\" \/>\n<script type=\"application\/ld+json\" class=\"yoast-schema-graph\">{\"@context\":\"https:\/\/schema.org\",\"@graph\":[{\"@type\":\"WebPage\",\"@id\":\"https:\/\/mayremartinez.com\/en\/music\/mayre-martinez-a-las-1202-ep-cover-art-2\/\",\"url\":\"https:\/\/mayremartinez.com\/en\/music\/mayre-martinez-a-las-1202-ep-cover-art-2\/\",\"name\":\"mayre martinez a las 1202 ep cover art &ndash; Mayre Martinez\",\"isPartOf\":{\"@id\":\"https:\/\/mayremartinez.com\/en\/#website\"},\"datePublished\":\"2023-04-22T00:02:36+00:00\",\"dateModified\":\"2023-04-22T00:03:37+00:00\",\"breadcrumb\":{\"@id\":\"https:\/\/mayremartinez.com\/en\/music\/mayre-martinez-a-las-1202-ep-cover-art-2\/#breadcrumb\"},\"inLanguage\":\"en-US\",\"potentialAction\":[{\"@type\":\"ReadAction\",\"target\":[\"https:\/\/mayremartinez.com\/en\/music\/mayre-martinez-a-las-1202-ep-cover-art-2\/\"]}]},{\"@type\":\"BreadcrumbList\",\"@id\":\"https:\/\/mayremartinez.com\/en\/music\/mayre-martinez-a-las-1202-ep-cover-art-2\/#breadcrumb\",\"itemListElement\":[{\"@type\":\"ListItem\",\"position\":1,\"name\":\"Portada\",\"item\":\"https:\/\/mayremartinez.com\/en\/\"},{\"@type\":\"ListItem\",\"position\":2,\"name\":\"Music\",\"item\":\"https:\/\/mayremartinez.com\/en\/music\/\"},{\"@type\":\"ListItem\",\"position\":3,\"name\":\"mayre martinez a las 1202 ep cover art\"}]},{\"@type\":\"WebSite\",\"@id\":\"https:\/\/mayremartinez.com\/en\/#website\",\"url\":\"https:\/\/mayremartinez.com\/en\/\",\"name\":\"Mayre Martinez\",\"description\":\"Sitio Web Oficial de Mayre Martinez, La Voz de Latinoam&eacute;rica\",\"publisher\":{\"@id\":\"https:\/\/mayremartinez.com\/en\/#\/schema\/person\/d809b2bc85ada00ed0fccc4e42a7b933\"},\"potentialAction\":[{\"@type\":\"SearchAction\",\"target\":{\"@type\":\"EntryPoint\",\"urlTemplate\":\"https:\/\/mayremartinez.com\/en\/?s={search_term_string}\"},\"query-input\":\"required name=search_term_string\"}],\"inLanguage\":\"en-US\"},{\"@type\":[\"Person\",\"Organization\"],\"@id\":\"https:\/\/mayremartinez.com\/en\/#\/schema\/person\/d809b2bc85ada00ed0fccc4e42a7b933\",\"name\":\"Mayr\u00e9 Mart\u00ednez\",\"image\":{\"@type\":\"ImageObject\",\"inLanguage\":\"en-US\",\"@id\":\"https:\/\/mayremartinez.com\/en\/#\/schema\/person\/image\/\",\"url\":\"https:\/\/mayremartinez.com\/wp-content\/uploads\/2023\/04\/mayre-martinez-a-las-1202-ep-cover-art-1024x1024.png\",\"contentUrl\":\"https:\/\/mayremartinez.com\/wp-content\/uploads\/2023\/04\/mayre-martinez-a-las-1202-ep-cover-art-1024x1024.png\",\"width\":1024,\"height\":1024,\"caption\":\"Mayr\u00e9 Mart\u00ednez\"},\"logo\":{\"@id\":\"https:\/\/mayremartinez.com\/en\/#\/schema\/person\/image\/\"},\"description\":\"Mayr\u00e9 Mart\u00ednez (La Voz US, Latin American Idol) es una cantante profesional, entrenadora vocal, escritora y profesora de canto Venezolana. Ella ha formado a miles de alumnos con el m\u00e9todo que lleva su nombre, comprobando que cualquier persona puede aprender el arte de cantar.\",\"sameAs\":[\"https:\/\/mayre.net\",\"http:\/\/facebook.com\/mayremartinez\",\"http:\/\/instagram.com\/mayremartinez\",\"https:\/\/twitter.com\/mayremartinez\",\"http:\/\/www.youtube.com\/user\/mayretv\",\"https:\/\/es.wikipedia.org\/wiki\/Mayr\u00e9_Mart\u00ednez\"]}]}<\/script>\n<!-- \/ Yoast SEO plugin. -->","yoast_head_json":{"title":"mayre martinez a las 1202 ep cover art &ndash; Mayre Martinez","robots":{"index":"index","follow":"follow","max-snippet":"max-snippet:-1","max-image-preview":"max-image-preview:large","max-video-preview":"max-video-preview:-1"},"canonical":"https:\/\/mayremartinez.com\/en\/music\/mayre-martinez-a-las-1202-ep-cover-art-2\/","og_locale":"en_US","og_type":"article","og_title":"mayre martinez a las 1202 ep cover art &ndash; Mayre Martinez","og_description":"Mayr\u00e9 Mart\u00ednez &#8211; A las 12:02 EP Album Cover Art Portada Car\u00e1tula","og_url":"https:\/\/mayremartinez.com\/en\/music\/mayre-martinez-a-las-1202-ep-cover-art-2\/","og_site_name":"Mayre Martinez","article_publisher":"http:\/\/facebook.com\/mayremartinez","article_modified_time":"2023-04-22T00:03:37+00:00","og_image":[{"width":1024,"height":1024,"url":"https:\/\/mayremartinez.com\/wp-content\/uploads\/2023\/04\/mayre-martinez-a-las-1202-ep-cover-art-1024x1024.png","type":"image\/png"}],"twitter_card":"summary_large_image","twitter_site":"@mayremartinez","schema":{"@context":"https:\/\/schema.org","@graph":[{"@type":"WebPage","@id":"https:\/\/mayremartinez.com\/en\/music\/mayre-martinez-a-las-1202-ep-cover-art-2\/","url":"https:\/\/mayremartinez.com\/en\/music\/mayre-martinez-a-las-1202-ep-cover-art-2\/","name":"mayre martinez a las 1202 ep cover art &ndash; Mayre Martinez","isPartOf":{"@id":"https:\/\/mayremartinez.com\/en\/#website"},"datePublished":"2023-04-22T00:02:36+00:00","dateModified":"2023-04-22T00:03:37+00:00","breadcrumb":{"@id":"https:\/\/mayremartinez.com\/en\/music\/mayre-martinez-a-las-1202-ep-cover-art-2\/#breadcrumb"},"inLanguage":"en-US","potentialAction":[{"@type":"ReadAction","target":["https:\/\/mayremartinez.com\/en\/music\/mayre-martinez-a-las-1202-ep-cover-art-2\/"]}]},{"@type":"BreadcrumbList","@id":"https:\/\/mayremartinez.com\/en\/music\/mayre-martinez-a-las-1202-ep-cover-art-2\/#breadcrumb","itemListElement":[{"@type":"ListItem","position":1,"name":"Portada","item":"https:\/\/mayremartinez.com\/en\/"},{"@type":"ListItem","position":2,"name":"Music","item":"https:\/\/mayremartinez.com\/en\/music\/"},{"@type":"ListItem","position":3,"name":"mayre martinez a las 1202 ep cover art"}]},{"@type":"WebSite","@id":"https:\/\/mayremartinez.com\/en\/#website","url":"https:\/\/mayremartinez.com\/en\/","name":"Mayre Martinez","description":"Sitio Web Oficial de Mayre Martinez, La Voz de Latinoam&eacute;rica","publisher":{"@id":"https:\/\/mayremartinez.com\/en\/#\/schema\/person\/d809b2bc85ada00ed0fccc4e42a7b933"},"potentialAction":[{"@type":"SearchAction","target":{"@type":"EntryPoint","urlTemplate":"https:\/\/mayremartinez.com\/en\/?s={search_term_string}"},"query-input":"required name=search_term_string"}],"inLanguage":"en-US"},{"@type":["Person","Organization"],"@id":"https:\/\/mayremartinez.com\/en\/#\/schema\/person\/d809b2bc85ada00ed0fccc4e42a7b933","name":"Mayr\u00e9 Mart\u00ednez","image":{"@type":"ImageObject","inLanguage":"en-US","@id":"https:\/\/mayremartinez.com\/en\/#\/schema\/person\/image\/","url":"https:\/\/mayremartinez.com\/wp-content\/uploads\/2023\/04\/mayre-martinez-a-las-1202-ep-cover-art-1024x1024.png","contentUrl":"https:\/\/mayremartinez.com\/wp-content\/uploads\/2023\/04\/mayre-martinez-a-las-1202-ep-cover-art-1024x1024.png","width":1024,"height":1024,"caption":"Mayr\u00e9 Mart\u00ednez"},"logo":{"@id":"https:\/\/mayremartinez.com\/en\/#\/schema\/person\/image\/"},"description":"Mayr\u00e9 Mart\u00ednez (La Voz US, Latin American Idol) es una cantante profesional, entrenadora vocal, escritora y profesora de canto Venezolana. Ella ha formado a miles de alumnos con el m\u00e9todo que lleva su nombre, comprobando que cualquier persona puede aprender el arte de cantar.","sameAs":["https:\/\/mayre.net","http:\/\/facebook.com\/mayremartinez","http:\/\/instagram.com\/mayremartinez","https:\/\/twitter.com\/mayremartinez","http:\/\/www.youtube.com\/user\/mayretv","https:\/\/es.wikipedia.org\/wiki\/Mayr\u00e9_Mart\u00ednez"]}]}},"description":{"rendered":"<p class=\"attachment\"><a href='https:\/\/mayremartinez.com\/wp-content\/uploads\/2023\/04\/mayre-martinez-a-las-1202-ep-cover-art.png'><img width=\"300\" height=\"300\" src=\"https:\/\/mayremartinez.com\/wp-content\/uploads\/2023\/04\/mayre-martinez-a-las-1202-ep-cover-art-300x300.png\" class=\"attachment-medium size-medium\" alt=\"Mayr\u00e9 Mart\u00ednez - A las 12:02 EP Album Cover Art Portada Car\u00e1tula\" loading=\"lazy\" srcset=\"https:\/\/mayremartinez.com\/wp-content\/uploads\/2023\/04\/mayre-martinez-a-las-1202-ep-cover-art-300x300.png 300w, https:\/\/mayremartinez.com\/wp-content\/uploads\/2023\/04\/mayre-martinez-a-las-1202-ep-cover-art-1024x1024.png 1024w, https:\/\/mayremartinez.com\/wp-content\/uploads\/2023\/04\/mayre-martinez-a-las-1202-ep-cover-art-150x150.png 150w, https:\/\/mayremartinez.com\/wp-content\/uploads\/2023\/04\/mayre-martinez-a-las-1202-ep-cover-art-768x768.png 768w, https:\/\/mayremartinez.com\/wp-content\/uploads\/2023\/04\/mayre-martinez-a-las-1202-ep-cover-art.png 1400w\" sizes=\"(max-width: 300px) 100vw, 300px\" \/><\/a><\/p>\n<p>Mayr\u00e9 Mart\u00ednez &#8211; A las 12:02 EP Album Cover Art Portada Car\u00e1tula<\/p>\n"},"caption":{"rendered":"<p>Mayr\u00e9 Mart\u00ednez &#8211; A las 12:02 EP Album Cover Art Portada Car\u00e1tula<\/p>\n"},"alt_text":"Mayr\u00e9 Mart\u00ednez - A las 12:02 EP Album Cover Art Portada Car\u00e1tula","media_type":"image","mime_type":"image\/png","media_details":{"width":1400,"height":1400,"file":"2023\/04\/mayre-martinez-a-las-1202-ep-cover-art.png","filesize":2194479,"sizes":{"medium":{"file":"mayre-martinez-a-las-1202-ep-cover-art-300x300.png","width":300,"height":300,"filesize":176733,"mime_type":"image\/png","source_url":"https:\/\/mayremartinez.com\/wp-content\/uploads\/2023\/04\/mayre-martinez-a-las-1202-ep-cover-art-300x300.png"},"large":{"file":"mayre-martinez-a-las-1202-ep-cover-art-1024x1024.png","width":1024,"height":1024,"filesize":1273464,"mime_type":"image\/png","source_url":"https:\/\/mayremartinez.com\/wp-content\/uploads\/2023\/04\/mayre-martinez-a-las-1202-ep-cover-art-1024x1024.png"},"thumbnail":{"file":"mayre-martinez-a-las-1202-ep-cover-art-150x150.png","width":150,"height":150,"filesize":51988,"mime_type":"image\/png","source_url":"https:\/\/mayremartinez.com\/wp-content\/uploads\/2023\/04\/mayre-martinez-a-las-1202-ep-cover-art-150x150.png"},"medium_large":{"file":"mayre-martinez-a-las-1202-ep-cover-art-768x768.png","width":768,"height":768,"filesize":816968,"mime_type":"image\/png","source_url":"https:\/\/mayremartinez.com\/wp-content\/uploads\/2023\/04\/mayre-martinez-a-las-1202-ep-cover-art-768x768.png"},"full":{"file":"mayre-martinez-a-las-1202-ep-cover-art.png","width":1400,"height":1400,"mime_type":"image\/png","source_url":"https:\/\/mayremartinez.com\/wp-content\/uploads\/2023\/04\/mayre-martinez-a-las-1202-ep-cover-art.png"}},"image_meta":{"aperture":"0","credit":"","camera":"","caption":"","created_timestamp":"0","copyright":"","focal_length":"0","iso":"0","shutter_speed":"0","title":"","orientation":"0","keywords":[]}},"post":7360,"source_url":"https:\/\/mayremartinez.com\/wp-content\/uploads\/2023\/04\/mayre-martinez-a-las-1202-ep-cover-art.png","_links":{"self":[{"href":"https:\/\/mayremartinez.com\/en\/wp-json\/wp\/v2\/media\/7743"}],"collection":[{"href":"https:\/\/mayremartinez.com\/en\/wp-json\/wp\/v2\/media"}],"about":[{"href":"https:\/\/mayremartinez.com\/en\/wp-json\/wp\/v2\/types\/attachment"}],"author":[{"embeddable":true,"href":"https:\/\/mayremartinez.com\/en\/wp-json\/wp\/v2\/users\/1"}],"replies":[{"embeddable":true,"href":"https:\/\/mayremartinez.com\/en\/wp-json\/wp\/v2\/comments?post=7743"}]}}

<!-- This site is optimized with the Yoast SEO plugin v19.8 - https://yoast.com/wordpress/plugins/seo/ -->
<title>mayre martinez a las 1202 ep cover art &ndash; Mayre Martinez</title>
<meta name="robots" content="index, follow, max-snippet:-1, max-image-preview:large, max-video-preview:-1" />
<link rel="canonical" href="https://mayremartinez.com/en/music/mayre-martinez-a-las-1202-ep-cover-art-2/" />
<meta property="og:locale" content="en_US" />
<meta property="og:type" content="article" />
<meta property="og:title" content="mayre martinez a las 1202 ep cover art &ndash; Mayre Martinez" />
<meta property="og:description" content="Mayré Martínez &#8211; A las 12:02 EP Album Cover Art Portada Carátula" />
<meta property="og:url" content="https://mayremartinez.com/en/music/mayre-martinez-a-las-1202-ep-cover-art-2/" />
<meta property="og:site_name" content="Mayre Martinez" />
<meta property="article:publisher" content="http://facebook.com/mayremartinez" />
<meta property="article:modified_time" content="2023-04-22T00:03:37+00:00" />
<meta property="og:image" content="https://mayremartinez.com/wp-content/uploads/2023/04/mayre-martinez-a-las-1202-ep-cover-art-1024x1024.png" />
	<meta property="og:image:width" content="1024" />
	<meta property="og:image:height" content="1024" />
	<meta property="og:image:type" content="image/png" />
<meta name="twitter:card" content="summary_large_image" />
<meta name="twitter:site" content="@mayremartinez" />
<script type="application/ld+json" class="yoast-schema-graph">{"@context":"https://schema.org","@graph":[{"@type":"WebPage","@id":"https://mayremartinez.com/en/music/mayre-martinez-a-las-1202-ep-cover-art-2/","url":"https://mayremartinez.com/en/music/mayre-martinez-a-las-1202-ep-cover-art-2/","name":"mayre martinez a las 1202 ep cover art &ndash; Mayre Martinez","isPartOf":{"@id":"https://mayremartinez.com/en/#website"},"datePublished":"2023-04-22T00:02:36+00:00","dateModified":"2023-04-22T00:03:37+00:00","breadcrumb":{"@id":"https://mayremartinez.com/en/music/mayre-martinez-a-las-1202-ep-cover-art-2/#breadcrumb"},"inLanguage":"en-US","potentialAction":[{"@type":"ReadAction","target":["https://mayremartinez.com/en/music/mayre-martinez-a-las-1202-ep-cover-art-2/"]}]},{"@type":"BreadcrumbList","@id":"https://mayremartinez.com/en/music/mayre-martinez-a-las-1202-ep-cover-art-2/#breadcrumb","itemListElement":[{"@type":"ListItem","position":1,"name":"Portada","item":"https://mayremartinez.com/en/"},{"@type":"ListItem","position":2,"name":"Music","item":"https://mayremartinez.com/en/music/"},{"@type":"ListItem","position":3,"name":"mayre martinez a las 1202 ep cover art"}]},{"@type":"WebSite","@id":"https://mayremartinez.com/en/#website","url":"https://mayremartinez.com/en/","name":"Mayre Martinez","description":"Sitio Web Oficial de Mayre Martinez, La Voz de Latinoam&eacute;rica","publisher":{"@id":"https://mayremartinez.com/en/#/schema/person/d809b2bc85ada00ed0fccc4e42a7b933"},"potentialAction":[{"@type":"SearchAction","target":{"@type":"EntryPoint","urlTemplate":"https://mayremartinez.com/en/?s={search_term_string}"},"query-input":"required name=search_term_string"}],"inLanguage":"en-US"},{"@type":["Person","Organization"],"@id":"https://mayremartinez.com/en/#/schema/person/d809b2bc85ada00ed0fccc4e42a7b933","name":"Mayré Martínez","image":{"@type":"ImageObject","inLanguage":"en-US","@id":"https://mayremartinez.com/en/#/schema/person/image/","url":"https://mayremartinez.com/wp-content/uploads/2023/04/mayre-martinez-a-las-1202-ep-cover-art-1024x1024.png","contentUrl":"https://mayremartinez.com/wp-content/uploads/2023/04/mayre-martinez-a-las-1202-ep-cover-art-1024x1024.png","width":1024,"height":1024,"caption":"Mayré Martínez"},"logo":{"@id":"https://mayremartinez.com/en/#/schema/person/image/"},"description":"Mayré Martínez (La Voz US, Latin American Idol) es una cantante profesional, entrenadora vocal, escritora y profesora de canto Venezolana. Ella ha formado a miles de alumnos con el método que lleva su nombre, comprobando que cualquier persona puede aprender el arte de cantar.","sameAs":["https://mayre.net","http://facebook.com/mayremartinez","http://instagram.com/mayremartinez","https://twitter.com/mayremartinez","http://www.youtube.com/user/mayretv","https://es.wikipedia.org/wiki/Mayré_Martínez"]}]}</script>
<!-- / Yoast SEO plugin. -->

Mayré Martínez &#8211; A las 12:02 EP Album Cover Art Portada Carátula

Mayré Martínez

Mayré Martínez (La Voz US, Latin American Idol) es una cantante profesional, entrenadora vocal, escritora y profesora de canto Venezolana. Ella ha formado a miles de alumnos con el método que lleva su nombre, comprobando que cualquier persona puede aprender el arte de cantar.

https://es.wikipedia.org/wiki/Mayré_Martínez

<p class="attachment"><a href='https://mayremartinez.com/wp-content/uploads/2023/04/mayre-martinez-a-las-1202-ep-cover-art.png'><img width="300" height="300" src="https://mayremartinez.com/wp-content/uploads/2023/04/mayre-martinez-a-las-1202-ep-cover-art-300x300.png" class="attachment-medium size-medium" alt="Mayré Martínez - A las 12:02 EP Album Cover Art Portada Carátula" loading="lazy" srcset="https://mayremartinez.com/wp-content/uploads/2023/04/mayre-martinez-a-las-1202-ep-cover-art-300x300.png 300w, https://mayremartinez.com/wp-content/uploads/2023/04/mayre-martinez-a-las-1202-ep-cover-art-1024x1024.png 1024w, https://mayremartinez.com/wp-content/uploads/2023/04/mayre-martinez-a-las-1202-ep-cover-art-150x150.png 150w, https://mayremartinez.com/wp-content/uploads/2023/04/mayre-martinez-a-las-1202-ep-cover-art-768x768.png 768w, https://mayremartinez.com/wp-content/uploads/2023/04/mayre-martinez-a-las-1202-ep-cover-art.png 1400w" sizes="(max-width: 300px) 100vw, 300px" /></a></p>
<p>Mayré Martínez &#8211; A las 12:02 EP Album Cover Art Portada Carátula</p>

<p>Mayré Martínez &#8211; A las 12:02 EP Album Cover Art Portada Carátula</p>

Mayré Martínez - A las 12:02 EP Album Cover Art Portada Carátula
